me?
True
Let f(s) = -s**3 + 5*s**2 + 8*s - 9. Let q(a) = 7*a**2 - 2*a + 1. Suppose -2*w - 1 = -3. Let y be q(w). Is f(y) a composite number?
False
Let x(r) = -539*r + 1. Is x(-2) prime?
False
Let z = -122 + 345. Is z a composite number?
False
Suppose 0 = 3*q - 21. Suppose 20 = 2*b - q*b. Is b/(-10) - (-33)/5 a prime number?
True
Let g(i) = 12*i - 2. Let p = -4 - -7. Is g(p) prime?
False
Let z(k) = -13*k**2 + 42*k**2 - 2*k + k - 1. Is z(3) prime?
True
Let t(y) = 2*y**2 - y - 2. Suppose -5*l - 1 = -4*l. Let w be 3/l + 0/(-1). Is t(w) a composite number?
False
Let n(b) = -4*b**2 + 12*b + 19. Let f(o) = -7*o**2 + 23*o + 37. Let m(i) = -3*f(i) + 5*n(i). Let x be m(11). Let v = 1 + x. Is v a composite number?
False
Is (16/24)/(-1 + 5235/5229) composite?
True
Let m be -2 + (10 - 0) + 2. Let x be 17*m/6*3. Is (-1)/4 + x/4 a composite number?
True
Let f be (-2)/(-4)*-1*-12. Suppose -a + f*a - 725 = 0. Is a prime?
False
Let u(n) = 10*n - 6. Let x(g) = -30*g + 18. Let d(q) = -17*u(q) - 6*x(q). Is d(4) a composite number?
True
Let h(t) = 5*t - 4 + 0*t**2 + 5*t**2 - 4*t**2. Let k be h(-6). Suppose 5*j = u + 333, -2*u = -u - k. Is j prime?
True
Let a(x) = -x**3 + 2*x**2 + 4*x - 3. Let f be a(3). Suppose f = -5*r + 4*r + 5, -110 = 5*m + 5*r. Let y = 40 - m. Is y composite?
False
Suppose -3*u + 2034 = -51. Is u prime?
False
Let y(u) = -9*u - 14. Is y(-7) a composite number?
True
Suppose 0*m - 16 = -4*m. Let x = 15 - m. Is x prime?
True
Let t = -8 + 67. Is t composite?
False
Suppose -7 + 21 = 3*m - 2*w, 5*m = -4*w - 6. Suppose -m*t = t - 165. Is t a prime number?
False
Let n(r) = 2*r - 7. Is n(10) composite?
False
Suppose -2*b + 7 - 1 = 2*z, 2*b + 5*z = 9. Is (1911/3 - b) + -4 a composite number?
False
Let l be 1*0*(-3)/6. Suppose -284 = -o - l*o. Suppose -3*y = -0*s - s + 55, 4*y - o = -4*s. Is s composite?
False
Let g = 254 - 371. Is g/2*4/(-6) prime?
False
Let a(s) be the second derivative of s**4/4 - 2*s**3/3 - 3*s**2 - s. Let k(j) = 2*j**2 - 6*j + 5. Let v be k(3). Is a(v) composite?
True
Let g = 1227 - 458. Is g a prime number?
True
Let k = 58 - 5. Is k composite?
False
Suppose -3*t + 167 = -5*n - 336, 2*t + 2*n - 362 = 0. Suppose t = 7*j + 22. Is j a prime number?
False
Is 4 + -2 + -2094*2/(-4) composite?
False
Suppose -t + 86 + 63 = 0. Is t a composite number?
False
Suppose 0 = 4*m - f - 69, 3*f = 5*m - 2*m - 45. Suppose 5*l - o - 1 = 14, 4*o + m = -l. Suppose -l*s - 74 = -4*s. Is s a prime number?
True
Suppose -150 = 3*y - 723. Is y a prime number?
True
Let a(i) = -i**2 - 6*i - 2. Let c be a(-5). Suppose 3*q = -4*f + 213, c*f + 5*q - 168 = -0*f. Is f a prime number?
False
Suppose -m + 3*m = -4*t + 26, 25 = 5*t - 5*m. Suppose 2*b - 2*n - 8 = t, -2*b = 2*n - 22. Is (2 - b*-3) + 2 a prime number?
True
Is (-2)/(((-6)/89)/3) prime?
True
Let n = 1712 - 991. Is n composite?
True
Let v(p) = -75*p + 4. Is v(-5) composite?
False
Let m(n) = -400*n - 15. Is m(-2) composite?
True
Suppose 0 = 2*u - 4*z + 4 + 10, -4*z + 5 = -5*u. Suppose -k = u*v + 2*k - 186, 3*v = -5*k + 178. Suppose -x + v + 125 = 0. Is x prime?
True
Let i be -4*((-3)/(-3) - 2). Suppose -i*j = j - 165. Is j composite?
True
Suppose 26*k - 21*k = 4855. Is k a prime number?
True
Is 41/((-4)/(-156)*3) composite?
True
Let h(i) = -i**2 + 2*i - 1. Let y be h(-2). Let t = y - -31. Is t a prime number?
False
Suppose 0 = g + 2*g - 15, -s + g = -14. Is s composite?
False
Is 2/(-3) - (-483)/9 composite?
False
Is 14/(142/46 + -3) a composite number?
True
Suppose 0 = -5*c - 4*y + 1013, 0 = c + 3*y - y - 199. Let j = c + -110. Is j a prime number?
False
Let u = -92 - -131. Is u a prime number?
False
Let r(n) = -26*n + n + 0*n - 1 - 2. Let d(x) = -3*x + 1. Let q be d(2). Is r(q) a prime number?
False
Suppose 0 = -3*t + t + 19934. Is t composite?
False
Let v(h) = 23*h + 3. Let p(d) = -5 + 11*d + 2 + 5. Let m(u) = -5*p(u) + 2*v(u). Is m(-3) a composite number?
False
Suppose 0 = -5*h + 2*t + 1234 + 97, 0 = -4*h - 5*t + 1045. Is h a composite number?
True
Suppose 3*h - f + 36 = 0, 0 = 5*h - 3*f + 26 + 30. Let w = h + 39. Is w a prime number?
False
Suppose -2*j + 174 = 4. Is j prime?
False
Let u(z) = 4*z**2 - 2*z + 2. Let s be u(1). Suppose -3*r + 4073 = 5*v, r + 2730 = 3*r - s*v. Is r composite?
False
Is -3 + (-6 - -4) + 124 composite?
True
Let k(x) = x**3 - x. Let o be k(-1). Suppose 0 = z - 39 - o. Is z prime?
False
Let d = -25 - 32. Let z = 146 + d. Is z prime?
True
Suppose 0 = -5*c + 2*c + 762. Suppose y + c = 3*y. Is y a composite number?
False
Suppose 878 - 3395 = -3*u. Is u a prime number?
True
Suppose -x - 4*x = 0, 0 = 3*u + 3*x - 426. Is u composite?
True
Suppose -66 + 351 = 5*t. Suppose -4*b + 250 = -5*a, 0 = 3*b - 2*b - 4*a - t. Is b prime?
False
Is (1 - 1)/(-4) - -191 a composite number?
False
Suppose -4*h = k + 2*k - 1277, 3*h = -4*k + 1691. Is k a prime number?
True
Let p(v) = -242*v - 2. Let k be p(-2). Suppose 0 = -3*r - 5*z + 267, -3*r + k = 2*r - 4*z. Suppose -5*l + r = -61. Is l a prime number?
True
Is (-15046)/(-7) - 42/98 a composite number?
True
Let d(s) = 18*s + 14. Let z(j) = -54*j - 42. Let i(n) = -8*d(n) - 3*z(n). Let u(a) = 6*a + 5. Let t(x) = -2*i(x) + 7*u(x). Is t(7) a prime number?
False
Let r be (-2)/(-6) - 2/6. Suppose 0 = -i - r + 1. Is (-19)/(-2*1 + i) a composite number?
False
Suppose y - 5*y + 8 = 0. Suppose 2*j - 10 = 2*g, y*j - 5*g - 33 = -8. Suppose j*f = f - 21. Is f a composite number?
True
Suppose 0 = j - 3*c - 5, 0 = -5*j + 3*c + 1 + 84. Suppose 4*i - 80 = j. Is i composite?
True
Suppose -3*k - x + 561 = -5*x, 4*k - x = 748. Is k a prime number?
False
Let r be (-48)/(-16) + (-35 - 1). Is 10/(1*(-6)/r) composite?
True
Let r = -1 - -4. Let j(k) = -k**2 - 1. Let g be j(r). Is 7/((-32)/g + -3) composite?
True
Suppose 22*o + 2*o = 23304. Is o prime?
True
Is (-14)/28*(-1 - 585) prime?
True
Suppose -4 = 2*z - 0. Is 970/(-5)*z/4 a prime number?
True
Let z be -2*(-3)/(-6)*-2. Suppose -z*b = b - 237. Is b a composite number?
False
Suppose -2*h - 5*k - 17 = 0, -2*h + 0*k - 7 = 3*k. Let c(r) = 2*r**2 - 2. Let j be c(-2). Suppose 0 = -h*i, 2*u - 6 = -i + j. Is u prime?
False
Suppose -749 - 2425 = -3*k. Is (-2)/(-9) + k/18 composite?
False
Let k(p) = p**2 + 3*p - 2. Let s be k(-3). Is 21 - (1*s - 0) prime?
True
Suppose b + u + 7 = 4*b, b = -2*u. Let m be b/(-3)*(-2 - 16). Is (28/16)/(1/m) composite?
True
Let k(d) = d**2 + 5*d + 1. Is k(-9) composite?
False
Suppose -b - 788 = -3*b. Suppose -z - b = -5*z + 2*o, -2*o = 2*z - 188. Is z a prime number?
True
Let i(s) = s + 1483. Is i(0) composite?
False
Suppose -53 = -5*b - 2*g, 3*b - g - 32 = -b. Suppose 1 = 2*m - 1. Is m/3 - (-582)/b composite?
True
Suppose 4*c - 1001 = 127. Let w = c + -133. Is w composite?
False
Suppose -2*w = -w + 2. Let f(u) = -25*u + 2. Let v be f(w). Let x = v + -37. Is x composite?
True
Let m(o) be the third derivative of -8*o**4 - o**3/6 + 10*o**2. Is m(-1) a prime number?
True
Let j be ((-1)/(-3) - 3)*-90. Suppose -2*p + j + 662 = 0. Is p a prime number?
False
Suppose 3*i = 2*x + 215, -3*i - 6*x + 3*x = -195. Is i prime?
False
Suppose -v + 6*v - 1775 = 0. Is v a prime number?
False
Let z be ((-14)/5)/(2/30). Suppose -221 - 254 = -5*a. Let r = z + a. Is r composite?
False
Suppose 0 = 3*g - 0*g + 273. Let s = -24 - g. Is s a prime number?
True
Let i = -100 - -179. Is i a prime number?
True
Suppose -2*r + 5 = -r. Let j(m) = m**3 - 5*m**2 + m - 5. Let l be j(5). Suppose 2*q - 8 - 5 = r*a, 5*q - 2*a - 85 = l. Is q a composite number?
False
Suppose 0 = -9*m + m + 888. Let b = 0 - 0. Suppose -c - 2*c + m = b. Is c prime?
True
Suppose p + l - 11 = 0, 0 = 5*p + 4*l - 84 + 24. Suppose -3*z = -38 - p. Let x = -5 + z. Is x composite?
False
Let x be (-4)/(-1*(-3 + 2)). Let f(d) = -4*d**2 + d. Let w be f(1). Is 6/x*(w + 1) a composite number?
False
Let x(y) = 56*y**2 - 7*y - 5. Is x(-6) a prime number?
True
Let t(h) = 3*h**2. Let w be t(-1). Let c(v) = -v**2 + 4*v + 2. Let f be c(w). Suppose 0 = 5*u - 3*y - 121 - 50, 2*y = -f*u + 161. Is u a composite number?
True
Suppose 57*i + 1407 = 60*i. Is i composite?
True
Let m(g) = -169*g**2 - 6*g - 5. Let n(x) = -170*x**2 - 7*x - 6. Let p(z) = 5*m(z) - 4*n(z). Let j be p(-1). Let a = j + 241. Is a prime?
False
Let d(p) = p**2 - 3*p - 6. Let f be d(5). Let o be (-7746)/(-12) + (-2)/f.